late -8 - (3 + 0 + -1 + -6).
-4
What is -10 + 20 + -11 - -9?
8
What is 0 + -9 - (6 + (-5 - 5))?
-5
What is 3 + (0 + -1 - -3 - 1)?
4
Evaluate 2 - (19 + (-6 - 3)).
-8
What is (5 - 16) + 5 - (0 - 1)?
-5
(-17 - (7 + -23)) + (-1 - -1)
-1
What is (-28 - -23) + 0 + 5 - -6?
6
(1 - -2) + (-11 - -5)
-3
Evaluate -10 + -2 - 9 - -13.
-8
Evaluate 0 + (-3 - -1 - (4 - 2)).
-4
Evaluate (4 - -7) + (1 - 7).
5
4 + -4 + -3 + 0
-3
What is -7 - (2 - (3 + 4))?
-2
Evaluate -3 + (3 - -1) + 4.
5
What is the value of -4 - (20 + -21 + -7 + -1)?
5
What is the value of 5 + -11 + 9 + -1 + -6?
-4
What is the value of 7 + (7 - 12) + -7 + 0?
-5
Evaluate 0 - (-10 + 0 + 6).
4
What is the value of 11 + -4 - 0 - (7 + -4)?
4
What is 1 + -7 - (-16 - -11)?
-1
Calculate -4 - (4 - (-3 + 8)).
-3
-3 + 2 - (19 - 15)
-5
Calculate 3 - (-9 - (6 - 10 - 1)).
7
8 - (-4 + 9 - -3)
0
Evaluate (1 - 2) + (2 - 0).
1
What is -3 - (-49 + 44 - (-4 + -1))?
-3
Calculate 4 + (-3 - 5) + 11.
7
What is the value of -3 - (3 - 0 - -1 - 6)?
-1
Evaluate -10 + 2 - (5 - 9).
-4
What is -8 + (-1 - -6 - 2)?
-5
Calculate (-2 - -19) + -2 - 10.
5
Calculate 3 + -6 + (2 - 0) + 0.
-1
What is -1 - (0 + -4 + 4)?
-1
What is the value of (-4 - -8 - 0) + -2 - -2?
4
Calculate (1 + -1 - -1) + (-10 - -4).
-5
3 + (-2 - -4) - (-6 + 10)
1
Evaluate (0 - 4) + -1 + 1 + -1.
-5
What is the value of (3 - 2) + 0 - 3?
-2
0 - (-4 + 4 + -1)
1
Evaluate (0 + -2 - 1) + 3.
0
Evaluate -1 - (2 + (0 - -4) + -3).
-4
Evaluate 0 - (-6 - -6 - (1 + -4)).
-3
What is 59 - 59 - (-6 - 0)?
6
What is -12 - (5 + -6 - 10)?
-1
Evaluate 3 - ((5 - (1 + 2)) + 2).
-1
Evaluate (2 - (-4 + 3 - -1)) + -3.
-1
Evaluate 1 + (-4 - -5) + 1.
3
Calculate 3 - (5 + -5 - -2).
1
What is 3 - (-4 - -7) - -2?
2
-1 + 1 + -4 + 8
4
What is -3 - -7 - 1 - (5 - 2)?
0
Calculate (5 - 0) + -10 - -11.
6
What is the value of 0 + (44 - 46 - (-4 - 0))?
2
What is (2 - -5) + 2 + 7 + -11?
5
What is (1 - -6) + (-68 - -53) - -7?
-1
Evaluate -3 + 3 + 4 + -4.
0
Evaluate 1 + 7 + -4 + -1.
3
7 + -1 - 11 - (1 - 5)
-1
What is 4 - (10 - (10 - 0))?
4
What is the value of 3 - (4 + 4 + -7)?
2
What is -2 + (6 - 1) + 17 + -21?
-1
What is the value of -5 - (-1 - (-5 - -5))?
-4
Calculate -1 + -1 + (0 - -1) + 1.
0
What is 1 + -1 - (140 + -136)?
-4
Calculate 6 - (-5 - -15) - (1 + -5).
0
8 + -3 - (0 + 5 - 5)
5
10 + -9 + -9 + 12
4
6 - (-2 - -6) - 7
-5
Calculate -8 - (3 + -6) - -4.
-1
What is 18 + -18 + 1 + 3 - -4?
8
Calculate 17 - 3 - (-5 + 12).
7
Evaluate -4 + (4 - -3 - 1).
2
Calculate (-2 - (6 - 10)) + (-2 - 1).
-1
What is 0 - (0 - (6 - 7))?
-1
What is the value of 2 + (0 - -4) + -1 + -2?
3
Evaluate 1 + 0 + 4 + (-4 - 2).
-1
Calculate (1 - 1) + (7 - (10 - -2)).
-5
Evaluate 3 + -4 - (-6 - 1).
6
Calculate (14 - 7 - 10) + (0 - -8).
5
(0 - -2) + (-19 - -17)
0
Evaluate 5 + 5 + -1 - 4.
5
What is the value of 5 + -3 + 1 + 1?
4
Evaluate -8 + (19 - 0) + -10.
1
Calculate -3 + (2 - 3) - (1 + 1).
-6
(3 - 0) + -7 - -9
5
Evaluate (0 - (1 + -9)) + (419 - 421).
6
What is 2 - ((0 - (4 + -5)) + -2)?
3
What is 0 + 1 + -1 + 7 + -5?
2
What is the value of (-3 - 7) + (3 - -3) + 3?
-1
Calculate -6 + -11 + 10 + 16.
9
Calculate -7 + 5 - (-1 - -1) - 1.
-3
What is the value of 4 + 3 + -3 + -1?
3
Calculate 6 + (-4 - (-1 - 6 - -5)).
4
Evaluate -15 - -22 - -5 - (1 + 4).
7
What is -2 + 9 - (1 + 4)?
2
Calculate 8 - (-7 - -7) - 10.
-2
Evaluate -35 - -31 - (-7 - -1).
2
Evaluate 2 + (-5 - 1) + 0.
-4
What is -5 - (-1 + 0 + -3)?
-1
Calculate 1 - 3 - (-2 + 1 + -5).
4
What is 0 - ((-1 - 2 - 0) + 1)?
2
What is the value of (-8 - (6 - 3)) + 7?
-4
What is (0 - (-2 + -3)) + 4?
9
Calculate 1 + (4 - 2) + -11 + 7.
-1
Calculate -7 + 0 + (-3 - -3).
-7
-1 + -6 - (-4 - 0)
-3
-3 - (2 - (2 + (3 - 5)))
-5
19 + -16 - (5 - 2)
0
What is the value of 12 - 2 - (-7 + 5 + 7)?
5
What is the value of 4 - (-4 - (-3 + -4 + 4))?
5
Evaluate -8 + 3 + 6 - 1.
0
Evaluate -2 - (4 - (-3 + 1 - -1)).
-7
Evaluate 1 - (-5 + (7 - 2)).
1
Evaluate -9 + (12 - -3 - -2).
8
Calculate -3 + -2 - -5 - 3.
-3
Evaluate -12 + 2 - (1 - 7).
-4
5 + (-19 - -11) + -2
-5
(5 + (3 - 5) - 7) + 10
6
Evaluate (-4 - 1 - (11 + -19)) + -2.
1
What is -6 + -8 + (-5 - -10)?
-9
Evaluate (-1 + 0 - (-3 - -8)) + 2.
-4
Evaluate 11 - 0 - (8 - 1).
4
(0 - (3 - 5)) + -8
-6
What is -5 + -6 + 18 + -14?
-7
-5 - (16 + -38 - (-8 + 0))
9
0 + -4 + -4 + -7 + 20
5
(-2 + 24 - 16) + (0 - 7)
-1
What is the value of -9 + 4 + (-1 - -2) + 3?
-1
What is 0 + (-1 - (8 - 4 - 2))?
-3
What is the value of 4 + (-1 - 3) + (17 - 19)?
-2
Calculate 0 + (2 + -3 - -5 - 8).
-4
What is the value of 4 - ((-3 - -2) + 7)?
-2
What is the value of 7 - (1 + 4 + (3 - 5))?
4
Evaluate (12 - (2 + -4)) + -5.
9
Evaluate -10 + (5 - 6) - -7.
-4
Evaluate -9 - (1 + -3 - (-5 + 10)).
-2
What is the value of (0 - 10) + (0 - (-5 + 1))?
-6
Evaluate -3 + -1 + (4 - 6) + 9.
3
Evaluate 7 + -13 - (-2 + -2 + -1).
-1
What is the value of (-11 - (-2 - 4) - -6) + 3?
4
11 + (4 - (4 + 6))
5
What is 41 - 35 - (-1 + 9)?
-2
What is the value of -6 - (3 + -5 - 2)?
-2
5 + (-5 + 0 + 0 - -4)
4
13 + -18 - (-3 + -4)
2
What is the value of -5 - (5 + -8 + 0)?
-2
Calculate -6 + 2 + 8 - 2.
2
(3 - 7) + -1 + 0 - -5
0
What is 1 + (1 - 7) + 3?
-2
Calculate -1 + 7 - 9 - (0 + 0).
-3
What is the value of 7 + -2 - (-4 - (-2 + -2))?
5
What is the value of (-7 - (-2 - -1)) + -3 + 6?
-3
What is the value of 0 - (-2 + -6 + 10)?
-2
What is 3 - (11 + (-1 - 5))?
-2
Evaluate (-4 + 0 - -12) + -6.
2
Calculate -5 - (6 - (14 - 6)).
-3
What is the value of -4 + (6 - 1) + (-3 - 1)?
-3
Evaluate 0 + -3 - -1 - (4 + -3).
-3
Evaluate -1 - (-8 - -2) - 4.
1
Evaluate 0 + 3 + -3 + (-8 - -4).
-4
Calculate -3 + (-5 - -3) - -9.
4
Evaluate 2 + -9 + 0 + 6.
-1
-1 - (1 - (2 - -4))
4
Calculate (-9 - -3 - (3 - 15)) + -11.
-5
What is the value of (36 - 32) + 0 + -5?
-1
Evaluate 2 - (2 - (-4 - -8)).
4
Calculate -9 - (3 + 1 - 3 - 5).
-5
-2 - -2 - (-3 - -8)
-5
Calculate (-1 - -9) + (-5 - -1).
4
Evaluate -6 - (-5 - 3 - -5).
-3
(-23 - -22) + (0 - -5)
4
What is the value of (86 - 98) + -1 + 16?
3
Evaluate -7 + 4 + -7 + 5 - -2.
-3
-4 - -2 - (-7 - -1)
4
5 - (7 + -2 - 0)
0
Calculate -1 - -4 - (5 - 2).
0
What is -4 + -6 + 16 + -2?
4
Evaluate -10 + 13 - (1 + 2).
0
Evaluate 7 - (1 + 10 + -7).
3
What is (-12 + -4 - -12) + 0?
-4
Calculate -11 + -16 + 10 + 11.
-6
(4 + -1 - -1) + 0 + 2
6
Calculate 0 + (7 - 12) + 4 - 5.
-6
Calculate 18 - 26 - (-2 + -2).
-4
What is (-4 - -4) + 5 + -8 + -1?
-4
What is the value of -4 + -1 - (8 - 21 - -11)?
-3
What is -4 + (-1 - 0) + 7?
2
0 - ((6 - (-2 - -5)) + 0)
-3
Calculate (0 + 4 - 9) + (16 - 3).
8
What is the value of -8 + 9 - -4 - (-2 + -2)?
9
(-1 - (-2 + 4)) + 3
0
0 + (-3 - -2) + 8 + -10
-3
-5 + (0 - -3) + (-11 - -6)
-7
Evaluate (1 - 2) + (9 - 6) - 1.
1
Evaluate 2 + 8 + (-9 - (-8 - -11)).
-2
(-4 - (-5 - 4)) + -6
-1
Calculate 13 + -15 + 0 + 4 + -9.
-7
Evaluate 3 - 1 - (7 + -5).
0
What is the value of 1 + 1 + 4 + (-8 - -5)?
3
What is the value of 2 - (6 + -4) - 1?
-1
What is the value of (6 - 1) + (37 - 49)?
-7
Evaluate 1 - ((-10 - -4) + 15 - 4).
-4
What is the value of (5 - (-1 + 1)) + (-28 - -25)?
2
What is -9 + 7 + (7 - 7)?
-2
Evaluate -1 + -6 + 0 + 6 + -1.
-2
What is -4 + (-7 - -10) - 3?
-4
Calculate 4 + 11 + -14 - 11.
-10
6 + -2 - 2 - 0
2
Calculate 1 + (-9 - -11) + -7.
-4
-3 - 1 - (-4 - -1 - 0)
-1
Evaluate -2 + 3 - (-1 + 7).
-5
What is the value of 0 + 4 + 4 + -5?
3
Calculate (0 - -1 - -3) + -2 - -3.
5
Calculate -6 + -2 + (2 - -2 - -2).
-2
4 - (14 - (2 - -8))
0
What is 5 - -1 - (-20 + 21)?
5
1 + -6 - (-13 - (-7 - -1))
2
Evaluate -8 + (1 - -12) - 4.
1
1 + -6 + -1 + -3 - -7
-2
What is 11 + -14 - -3 - (4 + -1)?
-3
0 + (2 - (4 + -2) - 2)
-2
Evaluate -9 - -6 - (-3 - -1).
-1
-2 - (-2 + -1) - (0 + 3)
-2
What is the value of 22 + -24 + -2 + 3 + 6?
5
0 + -2 + 8 + -1
5
What is -9 + -2 + 12 + 0?
1
(1 - (1 + -2 - 0)) + -2
0
Calculate (-2 + -5 - -3 - -5) + -2.
-1
What is the value of -2 - (-16 - -8 - -11)?
-5
What is -34 + 33 - (-5 + 3 + 8)?
-7
Calculate (-5 - (-5 + 4)) + 2.
-2
Evaluate -32 + 37 + 1 + 2 - 1.
7
What is 0 + 7 + -2 - 4?
1
Evaluate -5 - (-1 - (-3 - -6)).
-1
Calculate -7 + 1 - (-19 + (4 - -14)).
-5
What is the value of 9 + 0 + 9 + -12 + 0?
6
What is 0 + (-7 - (-3 - 0))?
-4
What is -11 + (14 - -9) - 7?
5
Evaluate -2 + -1 + 8 - 4.
1
Evaluate -96 - -86 - (-1 + -2 + -1).
-6
What is -12 + -5 + (15 - 5) + 1?
-6
Calculate 3 - 3 -